{"id":98,"date":"2025-07-16T09:53:21","date_gmt":"2025-07-16T09:53:21","guid":{"rendered":"https:\/\/winddemo.com\/ikoll\/?page_id=98"},"modified":"2025-09-24T14:42:11","modified_gmt":"2025-09-24T14:42:11","slug":"hakkimizda","status":"publish","type":"page","link":"https:\/\/ikoll.com\/index.php\/hakkimizda\/","title":{"rendered":"Hakk\u0131m\u0131zda"},"content":{"rendered":"\t\t<div data-elementor-type=\"wp-page\" data-elementor-id=\"98\" class=\"elementor elementor-98\" data-elementor-post-type=\"page\">\n\t\t\t\t\t\t<section class=\"elementor-section elementor-top-section elementor-element elementor-element-aa30831 elementor-section-boxed elementor-section-height-default elementor-section-height-default\" data-id=\"aa30831\" data-element_type=\"section\">\n\t\t\t\t\t\t<div class=\"elementor-container elementor-column-gap-default\">\n\t\t\t\t\t<div class=\"elementor-column elementor-col-100 elementor-top-column elementor-element elementor-element-6b14793\" data-id=\"6b14793\" data-element_type=\"column\">\n\t\t\t<div class=\"elementor-widget-wrap elementor-element-populated\">\n\t\t\t\t\t\t\t<\/div>\n\t\t<\/div>\n\t\t\t\t\t<\/div>\n\t\t<\/section>\n\t\t\t\t<section class=\"elementor-section elementor-top-section elementor-element elementor-element-9db593c elementor-section-boxed elementor-section-height-default elementor-section-height-default\" data-id=\"9db593c\" data-element_type=\"section\" data-settings=\"{&quot;background_background&quot;:&quot;classic&quot;}\">\n\t\t\t\t\t\t<div class=\"elementor-container elementor-column-gap-default\">\n\t\t\t\t\t<div class=\"elementor-column elementor-col-100 elementor-top-column elementor-element elementor-element-770f3e7 elementor-invisible\" data-id=\"770f3e7\" data-element_type=\"column\" data-settings=\"{&quot;animation&quot;:&quot;fadeInDown&quot;}\">\n\t\t\t<div class=\"elementor-widget-wrap elementor-element-populated\">\n\t\t\t\t\t\t<section class=\"elementor-section elementor-inner-section elementor-element elementor-element-92c2bef elementor-section-boxed elementor-section-height-default elementor-section-height-default\" data-id=\"92c2bef\" data-element_type=\"section\">\n\t\t\t\t\t\t<div class=\"elementor-container elementor-column-gap-default\">\n\t\t\t\t\t<div class=\"elementor-column elementor-col-100 elementor-inner-column elementor-element elementor-element-645eb30\" data-id=\"645eb30\" data-element_type=\"column\">\n\t\t\t<div class=\"elementor-widget-wrap elementor-element-populated\">\n\t\t\t\t\t\t<div class=\"elementor-element elementor-element-aec26eb elementor-widget elementor-widget-heading\" data-id=\"aec26eb\" data-element_type=\"widget\" data-widget_type=\"heading.default\">\n\t\t\t\t\t<h6 class=\"elementor-heading-title elementor-size-default\">Hakk\u0131m\u0131zda<\/h6>\t\t\t\t<\/div>\n\t\t\t\t<div class=\"elementor-element elementor-element-2d3019c elementor-widget elementor-widget-heading\" data-id=\"2d3019c\" data-element_type=\"widget\" data-widget_type=\"heading.default\">\n\t\t\t\t\t<h1 class=\"elementor-heading-title elementor-size-default\">Kurumsal<\/h1>\t\t\t\t<\/div>\n\t\t\t\t<div class=\"elementor-element elementor-element-692c2fd elementor-widget__width-auto elementor-absolute elementor-hidden-tablet elementor-hidden-phone elementor-widget-divider--view-line elementor-widget elementor-widget-divider\" data-id=\"692c2fd\" data-element_type=\"widget\" data-settings=\"{&quot;_position&quot;:&quot;absolute&quot;}\" data-widget_type=\"divider.default\">\n\t\t\t\t\t\t\t<div class=\"elementor-divider\">\n\t\t\t<span class=\"elementor-divider-separator\">\n\t\t\t\t\t\t<\/span>\n\t\t<\/div>\n\t\t\t\t\t\t<\/div>\n\t\t\t\t\t<\/div>\n\t\t<\/div>\n\t\t\t\t\t<\/div>\n\t\t<\/section>\n\t\t\t\t\t<\/div>\n\t\t<\/div>\n\t\t\t\t\t<\/div>\n\t\t<\/section>\n\t\t<div class=\"elementor-element elementor-element-5eac5e0 e-con-full e-flex e-con e-parent\" data-id=\"5eac5e0\" data-element_type=\"container\">\n\t\t<div class=\"elementor-element elementor-element-012aac0 e-con-full e-flex e-con e-child\" data-id=\"012aac0\" data-element_type=\"container\" data-settings=\"{&quot;background_background&quot;:&quot;classic&quot;}\">\n\t\t\t\t<div class=\"elementor-element elementor-element-3fabdac elementor-widget elementor-widget-spacer\" data-id=\"3fabdac\" data-element_type=\"widget\" data-widget_type=\"spacer.default\">\n\t\t\t\t\t\t\t<div class=\"elementor-spacer\">\n\t\t\t<div class=\"elementor-spacer-inner\"><\/div>\n\t\t<\/div>\n\t\t\t\t\t\t<\/div>\n\t\t\t\t<\/div>\n\t\t<div class=\"elementor-element elementor-element-624ae8b e-con-full e-flex e-con e-child\" data-id=\"624ae8b\" data-element_type=\"container\" data-settings=\"{&quot;background_background&quot;:&quot;video&quot;,&quot;background_video_link&quot;:&quot;https:\\\/\\\/ikoll.com\\\/wp-content\\\/uploads\\\/2025\\\/09\\\/ikolll_render_1.mp4&quot;,&quot;background_play_on_mobile&quot;:&quot;yes&quot;}\">\n\t\t<div class=\"elementor-background-video-container\" aria-hidden=\"true\">\n\t\t\t\t\t\t\t<video class=\"elementor-background-video-hosted\" autoplay muted playsinline loop><\/video>\n\t\t\t\t\t<\/div>\t\t<div class=\"elementor-element elementor-element-bf4ae3c elementor-widget elementor-widget-spacer\" data-id=\"bf4ae3c\" data-element_type=\"widget\" data-widget_type=\"spacer.default\">\n\t\t\t\t\t\t\t<div class=\"elementor-spacer\">\n\t\t\t<div class=\"elementor-spacer-inner\"><\/div>\n\t\t<\/div>\n\t\t\t\t\t\t<\/div>\n\t\t\t\t<\/div>\n\t\t<div class=\"elementor-element elementor-element-58d8f30 e-con-full e-flex e-con e-child\" data-id=\"58d8f30\" data-element_type=\"container\" data-settings=\"{&quot;background_background&quot;:&quot;classic&quot;}\">\n\t\t\t\t<div class=\"elementor-element elementor-element-a5fed08 elementor-widget elementor-widget-spacer\" data-id=\"a5fed08\" data-element_type=\"widget\" data-widget_type=\"spacer.default\">\n\t\t\t\t\t\t\t<div class=\"elementor-spacer\">\n\t\t\t<div class=\"elementor-spacer-inner\"><\/div>\n\t\t<\/div>\n\t\t\t\t\t\t<\/div>\n\t\t\t\t<\/div>\n\t\t\t\t<\/div>\n\t\t\t\t<section class=\"elementor-section elementor-top-section elementor-element elementor-element-43084234 elementor-section-boxed elementor-section-height-default elementor-section-height-default\" data-id=\"43084234\" data-element_type=\"section\">\n\t\t\t\t\t\t<div class=\"elementor-container elementor-column-gap-default\">\n\t\t\t\t\t<div class=\"elementor-column elementor-col-100 elementor-top-column elementor-element elementor-element-5ef44032\" data-id=\"5ef44032\" data-element_type=\"column\">\n\t\t\t<div class=\"elementor-widget-wrap elementor-element-populated\">\n\t\t\t\t\t\t\t<\/div>\n\t\t<\/div>\n\t\t\t\t\t<\/div>\n\t\t<\/section>\n\t\t\t\t<section class=\"elementor-section elementor-top-section elementor-element elementor-element-36d8a71 elementor-section-boxed elementor-section-height-default elementor-section-height-default\" data-id=\"36d8a71\" data-element_type=\"section\">\n\t\t\t\t\t\t<div class=\"elementor-container elementor-column-gap-default\">\n\t\t\t\t\t<div class=\"elementor-column elementor-col-100 elementor-top-column elementor-element elementor-element-2242e0b\" data-id=\"2242e0b\" data-element_type=\"column\">\n\t\t\t<div class=\"elementor-widget-wrap elementor-element-populated\">\n\t\t\t\t\t\t<div class=\"elementor-element elementor-element-ecab564 elementor-widget elementor-widget-heading\" data-id=\"ecab564\" data-element_type=\"widget\" data-widget_type=\"heading.default\">\n\t\t\t\t\t<h2 class=\"elementor-heading-title elementor-size-default\">\u0130koll: Modern Kad\u0131n\u0131n \u015e\u0131kl\u0131k Yolculu\u011fundaki G\u00fc\u00e7l\u00fc Yol Arkada\u015f\u0131\n<\/h2>\t\t\t\t<\/div>\n\t\t\t\t<div class=\"elementor-element elementor-element-868a9ca elementor-widget elementor-widget-text-editor\" data-id=\"868a9ca\" data-element_type=\"widget\" data-widget_type=\"text-editor.default\">\n\t\t\t\t\t\t\t\t\t<p data-start=\"202\" data-end=\"609\">2009 y\u0131l\u0131nda kad\u0131n giyimine modern, zarif ve \u00f6l\u00e7\u00fcl\u00fc bir yakla\u015f\u0131m kazand\u0131rmak amac\u0131yla kurulan \u0130koll, bug\u00fcn modaya y\u00f6n veren \u00e7izgisiyle geni\u015f bir kitleye hitap etmektedir. Kuruldu\u011fu g\u00fcnden bu yana her ya\u015f ve ya\u015fam tarz\u0131ndaki kad\u0131n\u0131n stil sahibi, \u00f6zg\u00fcvenli ve \u015f\u0131k hissetmesini sa\u011flayacak koleksiyonlar sunan markam\u0131z, \u015fehirli kad\u0131n\u0131n g\u00fcnl\u00fck ve \u00f6zel anlar\u0131ndaki \u015f\u0131kl\u0131k ihtiyac\u0131na estetik \u00e7\u00f6z\u00fcmler \u00fcretmektedir.<\/p><p data-start=\"611\" data-end=\"1019\">\u0130koll olarak, stilin sadece bir d\u0131\u015f g\u00f6r\u00fcn\u00fcm de\u011fil, bireyin kendini ifade etme bi\u00e7imi oldu\u011funa inan\u0131yoruz. Bu do\u011frultuda, koleksiyonlar\u0131m\u0131z\u0131 hem modern hem de \u00f6l\u00e7\u00fcl\u00fc giyinmeyi tercih eden kad\u0131nlar i\u00e7in, detaylarda gizli zarafet ve kalite anlay\u0131\u015f\u0131yla titizlikle haz\u0131rl\u0131yoruz. Sezon trendlerini \u00f6zg\u00fcn bir bak\u0131\u015f a\u00e7\u0131s\u0131yla yorumlayarak; minimal \u00e7izgiler, do\u011fal renk paletleri ve kaliteli kuma\u015flarla bulu\u015fturuyoruz.<\/p><p data-start=\"1021\" data-end=\"1366\">Markam\u0131z, g\u00fc\u00e7l\u00fc tasar\u0131m dili ve Ar-Ge odakl\u0131 \u00fcretim altyap\u0131s\u0131 ile her koleksiyonunda \u00e7a\u011fda\u015f kad\u0131n\u0131n ihtiya\u00e7lar\u0131na yan\u0131t veren fonksiyonel ve estetik \u00fcr\u00fcnler geli\u015ftirir. Geli\u015fen teknolojiyi yak\u0131ndan takip ederek \u00fcretim s\u00fcre\u00e7lerimizi s\u00fcrekli iyile\u015ftiriyor, kalite standartlar\u0131m\u0131z\u0131 global moda end\u00fcstrisinin beklentileriyle uyumlu hale getiriyoruz.<\/p><p data-start=\"1368\" data-end=\"1665\">\u0130koll, sadece giyim markas\u0131 olman\u0131n \u00f6tesinde, modern kad\u0131n\u0131n ya\u015fam tarz\u0131na e\u015flik eden bir stil markas\u0131 olmay\u0131 hedefler. Geni\u015f \u00fcr\u00fcn yelpazemiz, zamans\u0131z tasar\u0131mlar\u0131m\u0131z ve y\u00fcksek m\u00fc\u015fteri memnuniyetine dayal\u0131 hizmet anlay\u0131\u015f\u0131m\u0131zla; kad\u0131nlar\u0131n gard\u0131roplar\u0131nda uzun soluklu bir yer edinmeyi ama\u00e7l\u0131yoruz.<\/p><p data-start=\"1667\" data-end=\"1809\">Bug\u00fcn oldu\u011fu gibi gelecekte de kad\u0131nlara ilham veren, onlar\u0131n stil yolculu\u011funda g\u00fcvenle e\u015flik eden bir marka olarak ilerlemeye devam edece\u011fiz.<\/p>\t\t\t\t\t\t\t\t<\/div>\n\t\t\t\t\t<\/div>\n\t\t<\/div>\n\t\t\t\t\t<\/div>\n\t\t<\/section>\n\t\t\t\t<section class=\"elementor-section elementor-top-section elementor-element elementor-element-22d20465 elementor-section-full_width elementor-section-content-middle elementor-section-height-default elementor-section-height-default\" data-id=\"22d20465\" data-element_type=\"section\">\n\t\t\t\t\t\t<div class=\"elementor-container elementor-column-gap-default\">\n\t\t\t\t\t<div class=\"elementor-column elementor-col-100 elementor-top-column elementor-element elementor-element-783a29d1\" data-id=\"783a29d1\" data-element_type=\"column\" data-settings=\"{&quot;background_background&quot;:&quot;classic&quot;,&quot;background_motion_fx_translateY_direction&quot;:&quot;negative&quot;,&quot;background_motion_fx_motion_fx_scrolling&quot;:&quot;yes&quot;,&quot;background_motion_fx_translateY_effect&quot;:&quot;yes&quot;,&quot;background_motion_fx_translateY_speed&quot;:{&quot;unit&quot;:&quot;px&quot;,&quot;size&quot;:10,&quot;sizes&quot;:[]},&quot;background_motion_fx_translateY_affectedRange&quot;:{&quot;unit&quot;:&quot;%&quot;,&quot;size&quot;:&quot;&quot;,&quot;sizes&quot;:{&quot;start&quot;:0,&quot;end&quot;:100}},&quot;background_motion_fx_devices&quot;:[&quot;desktop&quot;,&quot;tablet&quot;,&quot;mobile&quot;]}\">\n\t\t\t<div class=\"elementor-widget-wrap elementor-element-populated\">\n\t\t\t\t\t<div class=\"elementor-background-overlay\"><\/div>\n\t\t\t\t\t\t<section class=\"elementor-section elementor-inner-section elementor-element elementor-element-42f6fdad elementor-section-boxed elementor-section-height-default elementor-section-height-default\" data-id=\"42f6fdad\" data-element_type=\"section\">\n\t\t\t\t\t\t<div class=\"elementor-container elementor-column-gap-default\">\n\t\t\t\t\t<div class=\"elementor-column elementor-col-33 elementor-inner-column elementor-element elementor-element-2dfda8ea\" data-id=\"2dfda8ea\" data-element_type=\"column\">\n\t\t\t<div class=\"elementor-widget-wrap\">\n\t\t\t\t\t\t\t<\/div>\n\t\t<\/div>\n\t\t\t\t<div class=\"elementor-column elementor-col-33 elementor-inner-column elementor-element elementor-element-532d44e1\" data-id=\"532d44e1\" data-element_type=\"column\">\n\t\t\t<div class=\"elementor-widget-wrap elementor-element-populated\">\n\t\t\t\t\t\t<div class=\"elementor-element elementor-element-4881d4f1 elementor-headline--style-highlight elementor-widget elementor-widget-animated-headline\" data-id=\"4881d4f1\" data-element_type=\"widget\" data-settings=\"{&quot;headline_style&quot;:&quot;highlight&quot;,&quot;marker&quot;:&quot;circle&quot;,&quot;loop&quot;:&quot;yes&quot;,&quot;highlight_animation_duration&quot;:1200,&quot;highlight_iteration_delay&quot;:8000}\" data-widget_type=\"animated-headline.default\">\n\t\t\t\t\t\t\t<h3 class=\"elementor-headline\">\n\t\t\t\t\t<span class=\"elementor-headline-plain-text elementor-headline-text-wrapper\">Hayalinizdeki stile ula\u015fmak i\u00e7in bize \u015fimdi ula\u015f\u0131n,<\/span>\n\t\t\t\t<span class=\"elementor-headline-dynamic-wrapper elementor-headline-text-wrapper\">\n\t\t\t\t<\/span>\n\t\t\t\t\t<span class=\"elementor-headline-plain-text elementor-headline-text-wrapper\">birlikte en \u015f\u0131k ad\u0131m\u0131 atal\u0131m!<\/span>\n\t\t\t\t\t<\/h3>\n\t\t\t\t\t\t<\/div>\n\t\t\t\t<div class=\"elementor-element elementor-element-588ef322 elementor-align-center elementor-widget__width-auto elementor-widget elementor-widget-button\" data-id=\"588ef322\" data-element_type=\"widget\" data-widget_type=\"button.default\">\n\t\t\t\t\t\t\t\t\t\t<a class=\"elementor-button elementor-button-link elementor-size-md\" href=\"https:\/\/ikoll.com\/index.php\/iletisim\/\">\n\t\t\t\t\t\t<span class=\"elementor-button-content-wrapper\">\n\t\t\t\t\t\t\t\t\t<span class=\"elementor-button-text\">Bize Ula\u015f\u0131n<\/span>\n\t\t\t\t\t<\/span>\n\t\t\t\t\t<\/a>\n\t\t\t\t\t\t\t\t<\/div>\n\t\t\t\t\t<\/div>\n\t\t<\/div>\n\t\t\t\t<div class=\"elementor-column elementor-col-33 elementor-inner-column elementor-element elementor-element-28ee3020\" data-id=\"28ee3020\" data-element_type=\"column\">\n\t\t\t<div class=\"elementor-widget-wrap\">\n\t\t\t\t\t\t\t<\/div>\n\t\t<\/div>\n\t\t\t\t\t<\/div>\n\t\t<\/section>\n\t\t\t\t\t<\/div>\n\t\t<\/div>\n\t\t\t\t\t<\/div>\n\t\t<\/section>\n\t\t\t\t<\/div>\n\t\t","protected":false},"excerpt":{"rendered":"<p>Hakk\u0131m\u0131zda Kurumsal \u0130koll: Modern Kad\u0131n\u0131n \u015e\u0131kl\u0131k Yolculu\u011fundaki G\u00fc\u00e7l\u00fc Yol Arkada\u015f\u0131 2009 y\u0131l\u0131nda kad\u0131n giyimine modern, zarif ve \u00f6l\u00e7\u00fcl\u00fc bir yakla\u015f\u0131m kazand\u0131rmak amac\u0131yla kurulan \u0130koll, bug\u00fcn modaya y\u00f6n veren \u00e7izgisiyle geni\u015f bir kitleye hitap etmektedir. Kuruldu\u011fu g\u00fcnden bu yana her ya\u015f ve ya\u015fam tarz\u0131ndaki kad\u0131n\u0131n stil sahibi, \u00f6zg\u00fcvenli ve \u015f\u0131k hissetmesini sa\u011flayacak koleksiyonlar sunan markam\u0131z, \u015fehirli [&hellip;]<\/p>\n","protected":false},"author":1,"featured_media":0,"parent":0,"menu_order":0,"comment_status":"closed","ping_status":"closed","template":"elementor_header_footer","meta":{"footnotes":""},"class_list":["post-98","page","type-page","status-publish","hentry"],"_links":{"self":[{"href":"https:\/\/ikoll.com\/index.php\/wp-json\/wp\/v2\/pages\/98","targetHints":{"allow":["GET"]}}],"collection":[{"href":"https:\/\/ikoll.com\/index.php\/wp-json\/wp\/v2\/pages"}],"about":[{"href":"https:\/\/ikoll.com\/index.php\/wp-json\/wp\/v2\/types\/page"}],"author":[{"embeddable":true,"href":"https:\/\/ikoll.com\/index.php\/wp-json\/wp\/v2\/users\/1"}],"replies":[{"embeddable":true,"href":"https:\/\/ikoll.com\/index.php\/wp-json\/wp\/v2\/comments?post=98"}],"version-history":[{"count":9,"href":"https:\/\/ikoll.com\/index.php\/wp-json\/wp\/v2\/pages\/98\/revisions"}],"predecessor-version":[{"id":2518,"href":"https:\/\/ikoll.com\/index.php\/wp-json\/wp\/v2\/pages\/98\/revisions\/2518"}],"wp:attachment":[{"href":"https:\/\/ikoll.com\/index.php\/wp-json\/wp\/v2\/media?parent=98"}],"curies":[{"name":"wp","href":"https:\/\/api.w.org\/{rel}","templated":true}]}}